{"id":73,"date":"2015-10-07T17:14:55","date_gmt":"2015-10-07T15:14:55","guid":{"rendered":"http:\/\/themedemo.commercegurus.com\/broker\/?page_id=73"},"modified":"2019-11-15T15:30:39","modified_gmt":"2019-11-15T14:30:39","slug":"services","status":"publish","type":"page","link":"https:\/\/am-expertises.com\/index.php\/services\/","title":{"rendered":"Nos domaines d&#8217;intervention"},"content":{"rendered":"<p>[vc_row type=&#187;container&#187; padding_top=&#187;&#187; padding_bottom=&#187;&#187;][vc_column][vc_custom_heading text=&#187;EXPERTISES APRES SINISTRE&#187; font_container=&#187;tag:h3|text_align:center&#187; use_theme_fonts=&#187;yes&#187; link=&#187;|||&#187;][\/vc_column][\/vc_row][vc_row type=&#187;container&#187; padding_top=&#187;&#187; padding_bottom=&#187;&#187;][vc_column][vc_empty_space][\/vc_column][\/vc_row][vc_row type=&#187;container&#187; padding_top=&#187;&#187; padding_bottom=&#187;&#187;][vc_column][vc_custom_heading text=&#187;AM EXPERTISES intervient pour la d\u00e9fense de vos droits et de vos int\u00e9r\u00eats apr\u00e8s tout sinistre :&#187; font_container=&#187;tag:h5|text_align:justify&#187; use_theme_fonts=&#187;yes&#187;][\/vc_column][\/vc_row][vc_row type=&#187;container&#187; padding_top=&#187;&#187; padding_bottom=&#187;&#187;][vc_column][vc_custom_heading text=&#187;-Incendie<br \/>\n-Explosion<br \/>\n-Attentats<br \/>\n-D\u00e9g\u00e2ts des eaux<br \/>\n-Vols\/Vandalismes<br \/>\n-Dommages \u00e9lectriques<br \/>\n-Bris de machines<br \/>\n-Catastrophes naturelles&#187; font_container=&#187;tag:p|text_align:justify&#187; use_theme_fonts=&#187;yes&#187;][\/vc_column][\/vc_row][vc_row type=&#187;container&#187; padding_top=&#187;&#187; padding_bottom=&#187;&#187;][vc_column][vc_empty_space][\/vc_column][\/vc_row][vc_row type=&#187;container&#187; padding_top=&#187;&#187; padding_bottom=&#187;&#187;][vc_column][vc_custom_heading text=&#187;Notre cabinet est \u00e0 m\u00eame d\u2019intervenir tr\u00e8s rapidement sur site pour vous conseiller sur les premi\u00e8res mesures d\u2019urgences et conservatoires \u00e0 engager afin de limiter si possible les cons\u00e9quences du sinistre.<\/p>\n<p>Nous d\u00e9finissions d\u00e8s notre intervention la strat\u00e9gie et l\u2019organisation \u00e0 mettre en place pour le bon d\u00e9roulement de votre dossier.<br \/>\nNous \u00e9valuons et analysons vos besoins imm\u00e9diats (frais de premi\u00e8res n\u00e9cessit\u00e9s, frais li\u00e9s aux mesures d\u2019urgences, etc.) qui feront l\u2019objet d\u2019une demande d\u2019acompte aupr\u00e8s de votre compagnie d\u2019assurance.<\/p>\n<p>Nous vous accompagnons pour constituer votre dossier administratif, indispensable \u00e0 votre compagnie d\u2019assurance pour d\u00e9bloquer les indemnit\u00e9s.<br \/>\nNous \u00e9tablissons avec vous un \u00e9tat d\u00e9taill\u00e9, chiffr\u00e9 et document\u00e9 de vos dommages, frais et pertes, servant de base de r\u00e9clamation.<br \/>\nNous d\u00e9fendons et n\u00e9gocions votre r\u00e9clamation, et cela amiablement et contradictoirement avec l\u2019expert d\u00e9sign\u00e9 par votre compagnie d\u2019assurance afin d\u2019obtenir l\u2019indemnit\u00e9 la plus optimale.<\/p>\n<p>Nous prenons le soin de r\u00e9aliser nos missions en parfaite coordination avec vous, vos \u00e9quipes, votre courtier, votre assureur ainsi que toutes les parties prenantes du dossier (Architecte, bureau d\u2019\u00e9tudes, entreprises, etc.).&#187; font_container=&#187;tag:p|text_align:justify&#187; use_theme_fonts=&#187;yes&#187;][\/vc_column][\/vc_row][vc_row type=&#187;container&#187; padding_top=&#187;&#187; padding_bottom=&#187;&#187;][vc_column][vc_empty_space][\/vc_column][\/vc_row][vc_row type=&#187;container&#187; padding_top=&#187;&#187; padding_bottom=&#187;&#187;][vc_column][vc_separator color=&#187;#000000&#8243; type=&#187;transparent&#187; thickness=&#187;1&#8243; up=&#187;&#187; down=&#187;&#187;][\/vc_column][\/vc_row][vc_row type=&#187;container&#187; padding_top=&#187;&#187; padding_bottom=&#187;&#187;][vc_column][vc_empty_space][\/vc_column][\/vc_row][vc_row type=&#187;container&#187; padding_top=&#187;&#187; padding_bottom=&#187;&#187;][vc_column css=&#187;.vc_custom_1573228216586{padding-bottom: 10px !important;}&#187;][vc_custom_heading text=&#187;EXPERTISES PREALABLES&#187; font_container=&#187;tag:h3|text_align:center&#187; use_theme_fonts=&#187;yes&#187; link=&#187;|||&#187;][\/vc_column][\/vc_row][vc_row type=&#187;container&#187; padding_top=&#187;&#187; padding_bottom=&#187;&#187;][vc_column][vc_empty_space][\/vc_column][\/vc_row][vc_row type=&#187;container&#187; padding_top=&#187;&#187; padding_bottom=&#187;&#187;][vc_column css=&#187;.vc_custom_1573228216586{padding-bottom: 10px !important;}&#187;][vc_custom_heading text=&#187;AM EXPERTISES r\u00e9alise des estimations pr\u00e9alables qui permettent de d\u00e9finir avec qualit\u00e9 et pr\u00e9cision la valorisation de vos biens notamment dans les secteurs suivants :&#187; font_container=&#187;tag:h5|text_align:justify&#187; use_theme_fonts=&#187;yes&#187;][\/vc_column][\/vc_row][vc_row type=&#187;container&#187; padding_top=&#187;&#187; padding_bottom=&#187;&#187;][vc_column][vc_custom_heading text=&#187;-Immobilier<br \/>\n-Industrie<br \/>\n-Luxe<br \/>\n-Services&#187; font_container=&#187;tag:p|text_align:justify&#187; use_theme_fonts=&#187;yes&#187;][\/vc_column][\/vc_row][vc_row type=&#187;container&#187; padding_top=&#187;&#187; padding_bottom=&#187;&#187;][vc_column][vc_empty_space][\/vc_column][\/vc_row][vc_row type=&#187;container&#187; padding_top=&#187;&#187; padding_bottom=&#187;&#187;][vc_column][vc_custom_heading text=&#187;L\u2019expertise pr\u00e9alable consiste \u00e0 d\u00e9terminer les capitaux n\u00e9cessaires qu\u2019il convient de garantir dans le cadre de la souscription ou du renouvellement d\u2019assurances dommages (valeur d&#8217;assurance).<br \/>\nNotre mission consiste \u00e0 r\u00e9aliser un inventaire descriptif des biens, tant en b\u00e2timent qu\u2019en mat\u00e9riel et mobilier.<br \/>\nConcernant les b\u00e2timents, nous r\u00e9alisons un plan de masse avec la description pr\u00e9cise de chaque construction et calculons les diff\u00e9rentes surfaces d\u00e9velopp\u00e9es et hors \u0153uvre.<br \/>\nCe travail nous permet de d\u00e9terminer la valeur de reconstruction \u00e0 neuf \u00e0 l\u2019identique ainsi que la valeur d\u2019usage, c\u2019est-\u00e0-dire la valeur \u00e0 neuf d\u00e9duction faite de la v\u00e9tust\u00e9.<\/p>\n<p>Concernant les mat\u00e9riels et mobiliers, nous r\u00e9alisons un inventaire d\u00e9taill\u00e9 qui regroupe le mat\u00e9riels et mobiliers par nature de bien (production, mobilier de bureau, mat\u00e9riel en leasing, bijoux, montres, \u2026) et d\u00e9crits (marque, mod\u00e8le, type, num\u00e9ro de s\u00e9rie, garantie, etc.).<br \/>\nCe travail nous permet de d\u00e9terminer la valeur de remplacement \u00e0 neuf \u00e0 l\u2019identique, ainsi que la valeur d\u2019usage.<\/p>\n<p>Les avantages d\u2019une expertise pr\u00e9alable sont :<br \/>\n\u00catre parfaitement assur\u00e9 et \u00e9viter une sous-assurance (ou une sur-assurance) et les cons\u00e9quences financi\u00e8res qu\u2019elle peut g\u00e9n\u00e9rer (r\u00e8gle proportionnelle de capitaux ou de primes en cas de sinistre).<br \/>\nOptimiser le r\u00e8glement d\u2019un sinistre en apportant la preuve de l\u2019existant ainsi que sa valeur.<br \/>\nConna\u00eetre avec pr\u00e9cision son patrimoine.<br \/>\nFaciliter, en cas de sinistre, la production d\u2019un \u00e9tat descriptif et estimatif des biens d\u00e9truits ou endommag\u00e9s.&#187; font_container=&#187;tag:p|text_align:justify&#187; use_theme_fonts=&#187;yes&#187;][\/vc_column][\/vc_row][vc_row type=&#187;container&#187; padding_top=&#187;&#187; padding_bottom=&#187;&#187;][vc_column][vc_empty_space height=&#187;45px&#187; css=&#187;.vc_custom_1573228555056{padding-bottom: 10px !important;}&#187;][\/vc_column][\/vc_row]<\/p>\n","protected":false},"excerpt":{"rendered":"<p>[vc_row type=&#187;container&#187; padding_top=&#187;&#187; padding_bottom=&#187;&#187;][vc_column][vc_custom_heading text=&#187;EXPERTISES APRES SINISTRE&#187; font_container=&#187;tag:h3|text_align:center&#187; use_theme_fonts=&#187;yes&#187; link=&#187;|||&#187;][\/vc_column][\/vc_row][vc_row type=&#187;container&#187; padding_top=&#187;&#187; padding_bottom=&#187;&#187;][vc_column][vc_empty_space][\/vc_column][\/vc_row][vc_row type=&#187;container&#187; padding_top=&#187;&#187; padding_bottom=&#187;&#187;][vc_column][vc_custom_heading text=&#187;AM EXPERTISES intervient pour la d\u00e9fense de vos droits et de vos int\u00e9r\u00eats apr\u00e8s tout sinistre :&#187; font_container=&#187;tag:h5|text_align:justify&#187; use_theme_fonts=&#187;yes&#187;][\/vc_column][\/vc_row][vc_row type=&#187;container&#187; padding_top=&#187;&#187; padding_bottom=&#187;&#187;][vc_column][vc_custom_heading text=&#187;-Incendie -Explosion -Attentats -D\u00e9g\u00e2ts des eaux -Vols\/Vandalismes -Dommages \u00e9lectriques -Bris de machines -Catastrophes naturelles&#187; font_container=&#187;tag:p|text_align:justify&#187; use_theme_fonts=&#187;yes&#187;][\/vc_column][\/vc_row][vc_row type=&#187;container&#187; [&hellip;]<\/p>\n","protected":false},"author":1,"featured_media":70571,"parent":0,"menu_order":0,"comment_status":"closed","ping_status":"closed","template":"page-full-width.php","meta":[],"acf":[],"yoast_head":"<!-- This site is optimized with the Yoast SEO plugin v19.4 - https:\/\/yoast.com\/wordpress\/plugins\/seo\/ -->\n<title>Nos domaines d&#039;intervention - AM Expertises<\/title>\n<meta name=\"robots\" content=\"index, follow, max-snippet:-1, max-image-preview:large, max-video-preview:-1\" \/>\n<link rel=\"canonical\" href=\"https:\/\/am-expertises.com\/index.php\/services\/\" \/>\n<meta property=\"og:locale\" content=\"ru_RU\" \/>\n<meta property=\"og:type\" content=\"article\" \/>\n<meta property=\"og:title\" content=\"Nos domaines d&#039;intervention - AM Expertises\" \/>\n<meta property=\"og:description\" content=\"[vc_row type=&#187;container&#187; padding_top=&#187;&#187; padding_bottom=&#187;&#187;][vc_column][vc_custom_heading text=&#187;EXPERTISES APRES SINISTRE&#187; font_container=&#187;tag:h3|text_align:center&#187; use_theme_fonts=&#187;yes&#187; link=&#187;|||&#187;][\/vc_column][\/vc_row][vc_row type=&#187;container&#187; padding_top=&#187;&#187; padding_bottom=&#187;&#187;][vc_column][vc_empty_space][\/vc_column][\/vc_row][vc_row type=&#187;container&#187; padding_top=&#187;&#187; padding_bottom=&#187;&#187;][vc_column][vc_custom_heading text=&#187;AM EXPERTISES intervient pour la d\u00e9fense de vos droits et de vos int\u00e9r\u00eats apr\u00e8s tout sinistre :&#187; font_container=&#187;tag:h5|text_align:justify&#187; use_theme_fonts=&#187;yes&#187;][\/vc_column][\/vc_row][vc_row type=&#187;container&#187; padding_top=&#187;&#187; padding_bottom=&#187;&#187;][vc_column][vc_custom_heading text=&#187;-Incendie -Explosion -Attentats -D\u00e9g\u00e2ts des eaux -Vols\/Vandalismes -Dommages \u00e9lectriques -Bris de machines -Catastrophes naturelles&#187; font_container=&#187;tag:p|text_align:justify&#187; use_theme_fonts=&#187;yes&#187;][\/vc_column][\/vc_row][vc_row type=&#187;container&#187; [&hellip;]\" \/>\n<meta property=\"og:url\" content=\"https:\/\/am-expertises.com\/index.php\/services\/\" \/>\n<meta property=\"og:site_name\" content=\"AM Expertises\" \/>\n<meta property=\"article:modified_time\" content=\"2019-11-15T14:30:39+00:00\" \/>\n<meta name=\"twitter:card\" content=\"summary_large_image\" \/>\n<meta name=\"twitter:label1\" content=\"\u041f\u0440\u0438\u043c\u0435\u0440\u043d\u043e\u0435 \u0432\u0440\u0435\u043c\u044f \u0434\u043b\u044f \u0447\u0442\u0435\u043d\u0438\u044f\" \/>\n\t<meta name=\"twitter:data1\" content=\"5 \u043c\u0438\u043d\u0443\u0442\" \/>\n<script type=\"application\/ld+json\" class=\"yoast-schema-graph\">{\"@context\":\"https:\/\/schema.org\",\"@graph\":[{\"@type\":\"WebSite\",\"@id\":\"https:\/\/am-expertises.com\/#website\",\"url\":\"https:\/\/am-expertises.com\/\",\"name\":\"AM Expertises\",\"description\":\"AM Expertises vous accompagne dans tous vos sinitres\",\"potentialAction\":[{\"@type\":\"SearchAction\",\"target\":{\"@type\":\"EntryPoint\",\"urlTemplate\":\"https:\/\/am-expertises.com\/?s={search_term_string}\"},\"query-input\":\"required name=search_term_string\"}],\"inLanguage\":\"ru-RU\"},{\"@type\":\"WebPage\",\"@id\":\"https:\/\/am-expertises.com\/index.php\/services\/\",\"url\":\"https:\/\/am-expertises.com\/index.php\/services\/\",\"name\":\"Nos domaines d'intervention - AM Expertises\",\"isPartOf\":{\"@id\":\"https:\/\/am-expertises.com\/#website\"},\"datePublished\":\"2015-10-07T15:14:55+00:00\",\"dateModified\":\"2019-11-15T14:30:39+00:00\",\"breadcrumb\":{\"@id\":\"https:\/\/am-expertises.com\/index.php\/services\/#breadcrumb\"},\"inLanguage\":\"ru-RU\",\"potentialAction\":[{\"@type\":\"ReadAction\",\"target\":[\"https:\/\/am-expertises.com\/index.php\/services\/\"]}]},{\"@type\":\"BreadcrumbList\",\"@id\":\"https:\/\/am-expertises.com\/index.php\/services\/#breadcrumb\",\"itemListElement\":[{\"@type\":\"ListItem\",\"position\":1,\"name\":\"Accueil\",\"item\":\"https:\/\/am-expertises.com\/\"},{\"@type\":\"ListItem\",\"position\":2,\"name\":\"Nos domaines d&#8217;intervention\"}]}]}<\/script>\n<!-- \/ Yoast SEO plugin. -->","yoast_head_json":{"title":"Nos domaines d'intervention - AM Expertises","robots":{"index":"index","follow":"follow","max-snippet":"max-snippet:-1","max-image-preview":"max-image-preview:large","max-video-preview":"max-video-preview:-1"},"canonical":"https:\/\/am-expertises.com\/index.php\/services\/","og_locale":"ru_RU","og_type":"article","og_title":"Nos domaines d'intervention - AM Expertises","og_description":"[vc_row type=&#187;container&#187; padding_top=&#187;&#187; padding_bottom=&#187;&#187;][vc_column][vc_custom_heading text=&#187;EXPERTISES APRES SINISTRE&#187; font_container=&#187;tag:h3|text_align:center&#187; use_theme_fonts=&#187;yes&#187; link=&#187;|||&#187;][\/vc_column][\/vc_row][vc_row type=&#187;container&#187; padding_top=&#187;&#187; padding_bottom=&#187;&#187;][vc_column][vc_empty_space][\/vc_column][\/vc_row][vc_row type=&#187;container&#187; padding_top=&#187;&#187; padding_bottom=&#187;&#187;][vc_column][vc_custom_heading text=&#187;AM EXPERTISES intervient pour la d\u00e9fense de vos droits et de vos int\u00e9r\u00eats apr\u00e8s tout sinistre :&#187; font_container=&#187;tag:h5|text_align:justify&#187; use_theme_fonts=&#187;yes&#187;][\/vc_column][\/vc_row][vc_row type=&#187;container&#187; padding_top=&#187;&#187; padding_bottom=&#187;&#187;][vc_column][vc_custom_heading text=&#187;-Incendie -Explosion -Attentats -D\u00e9g\u00e2ts des eaux -Vols\/Vandalismes -Dommages \u00e9lectriques -Bris de machines -Catastrophes naturelles&#187; font_container=&#187;tag:p|text_align:justify&#187; use_theme_fonts=&#187;yes&#187;][\/vc_column][\/vc_row][vc_row type=&#187;container&#187; [&hellip;]","og_url":"https:\/\/am-expertises.com\/index.php\/services\/","og_site_name":"AM Expertises","article_modified_time":"2019-11-15T14:30:39+00:00","twitter_card":"summary_large_image","twitter_misc":{"\u041f\u0440\u0438\u043c\u0435\u0440\u043d\u043e\u0435 \u0432\u0440\u0435\u043c\u044f \u0434\u043b\u044f \u0447\u0442\u0435\u043d\u0438\u044f":"5 \u043c\u0438\u043d\u0443\u0442"},"schema":{"@context":"https:\/\/schema.org","@graph":[{"@type":"WebSite","@id":"https:\/\/am-expertises.com\/#website","url":"https:\/\/am-expertises.com\/","name":"AM Expertises","description":"AM Expertises vous accompagne dans tous vos sinitres","potentialAction":[{"@type":"SearchAction","target":{"@type":"EntryPoint","urlTemplate":"https:\/\/am-expertises.com\/?s={search_term_string}"},"query-input":"required name=search_term_string"}],"inLanguage":"ru-RU"},{"@type":"WebPage","@id":"https:\/\/am-expertises.com\/index.php\/services\/","url":"https:\/\/am-expertises.com\/index.php\/services\/","name":"Nos domaines d'intervention - AM Expertises","isPartOf":{"@id":"https:\/\/am-expertises.com\/#website"},"datePublished":"2015-10-07T15:14:55+00:00","dateModified":"2019-11-15T14:30:39+00:00","breadcrumb":{"@id":"https:\/\/am-expertises.com\/index.php\/services\/#breadcrumb"},"inLanguage":"ru-RU","potentialAction":[{"@type":"ReadAction","target":["https:\/\/am-expertises.com\/index.php\/services\/"]}]},{"@type":"BreadcrumbList","@id":"https:\/\/am-expertises.com\/index.php\/services\/#breadcrumb","itemListElement":[{"@type":"ListItem","position":1,"name":"Accueil","item":"https:\/\/am-expertises.com\/"},{"@type":"ListItem","position":2,"name":"Nos domaines d&#8217;intervention"}]}]}},"_links":{"self":[{"href":"https:\/\/am-expertises.com\/index.php\/wp-json\/wp\/v2\/pages\/73"}],"collection":[{"href":"https:\/\/am-expertises.com\/index.php\/wp-json\/wp\/v2\/pages"}],"about":[{"href":"https:\/\/am-expertises.com\/index.php\/wp-json\/wp\/v2\/types\/page"}],"author":[{"embeddable":true,"href":"https:\/\/am-expertises.com\/index.php\/wp-json\/wp\/v2\/users\/1"}],"replies":[{"embeddable":true,"href":"https:\/\/am-expertises.com\/index.php\/wp-json\/wp\/v2\/comments?post=73"}],"version-history":[{"count":200,"href":"https:\/\/am-expertises.com\/index.php\/wp-json\/wp\/v2\/pages\/73\/revisions"}],"predecessor-version":[{"id":71840,"href":"https:\/\/am-expertises.com\/index.php\/wp-json\/wp\/v2\/pages\/73\/revisions\/71840"}],"wp:featuredmedia":[{"embeddable":true,"href":"https:\/\/am-expertises.com\/index.php\/wp-json\/wp\/v2\/media\/70571"}],"wp:attachment":[{"href":"https:\/\/am-expertises.com\/index.php\/wp-json\/wp\/v2\/media?parent=73"}],"curies":[{"name":"wp","href":"https:\/\/api.w.org\/{rel}","templated":true}]}}